ors of 1095612560.
2, 5, 7, 277, 1009
List the prime factors of 471239607.
3, 139, 1019, 1109
What are the prime factors of 32948468?
2, 7, 307, 3833
List the prime factors of 40198187.
40198187
List the prime factors of 836731395.
3, 5, 18594031
List the prime factors of 5790463169.
41, 141230809
List the prime factors of 18723766.
2, 17, 47, 11717
List the prime factors of 28222103.
7, 13, 103, 3011
What are the prime factors of 1375383435?
3, 5, 29, 3161801
List the prime factors of 5875781120.
2, 5, 11, 208657
List the prime factors of 3705554612.
2, 509, 1279, 1423
What are the prime factors of 6727989157?
3853, 1746169
What are the prime factors of 1422533070?
2, 3, 5, 7, 59, 12757
What are the prime factors of 576074385?
3, 5, 773, 16561
List the prime factors of 126368288.
2, 1093, 3613
What are the prime factors of 4536949723?
149, 30449327
List the prime factors of 1387862015.
5, 59, 4704617
What are the prime factors of 844640430?
2, 3, 5, 28154681
List the prime factors of 54713902.
2, 569, 48079
List the prime factors of 50753334.
2, 3, 59, 311, 461
List the prime factors of 42226996.
2, 7, 73, 283
What are the prime factors of 2167876067?
7, 309696581
List the prime factors of 63157836.
2, 3, 7, 751879
List the prime factors of 38003581.
7, 11, 73, 6761
List the prime factors of 7218977114.
2, 71, 50837867
List the prime factors of 2949965.
5, 589993
List the prime factors of 7216658645.
5, 7, 197, 349, 2999
What are the prime factors of 56186367?
3, 18728789
What are the prime factors of 237115678?
2, 118557839
List the prime factors of 312991833.
3, 7, 11, 1354943
List the prime factors of 795981067.
7, 29, 3921089
What are the prime factors of 55515143?
7321, 7583
What are the prime factors of 3673665504?
2, 3, 19, 671357
List the prime factors of 1516142166.
2, 3, 7, 11, 3281693
List the prime factors of 27089243.
149, 281, 647
List the prime factors of 484362789.
3, 161454263
List the prime factors of 842284075.
5, 3529, 9547
List the prime factors of 666341738.
2, 333170869
What are the prime factors of 233267628?
2, 3, 11, 53, 33343
List the prime factors of 38005866.
2, 3, 83, 25439
List the prime factors of 1238211656.
2, 11, 491, 28657
List the prime factors of 24864730.
2, 5, 11, 19, 11897
What are the prime factors of 259119310?
2, 5, 131, 223, 887
List the prime factors of 66663354.
2, 3, 107, 103837
What are the prime factors of 279947602?
2, 11, 17, 748523
List the prime factors of 48296150.
2, 5, 7, 17, 8117
List the prime factors of 114605677.
311, 368507
What are the prime factors of 499927337?
7, 13, 5493707
List the prime factors of 42502973.
37, 1148729
What are the prime factors of 1759402408?
2, 219925301
What are the prime factors of 1693961700?
2, 3, 5, 5646539
List the prime factors of 152828817.
3, 1307, 38977
List the prime factors of 798411037.
798411037
What are the prime factors of 1346360072?
2, 6563, 25643
List the prime factors of 15227396.
2, 3806849
List the prime factors of 348869190.
2, 3, 5, 73, 241, 661
What are the prime factors of 135097750?
2, 5, 540391
What are the prime factors of 215226991?
7, 4903, 6271
What are the prime factors of 73021517?
79, 924323
List the prime factors of 22656498.
2, 3, 61, 103, 601
List the prime factors of 51625627.
127, 406501
List the prime factors of 97160792.
2, 12145099
What are the prime factors of 227448313?
373, 609781
What are the prime factors of 152219955?
3, 5, 17, 596941
List the prime factors of 6289824.
2, 3, 65519
What are the prime factors of 5267955088?
2, 11, 4679, 6397
List the prime factors of 386423224.
2, 11, 107, 41039
What are the prime factors of 69442601?
1063, 65327
List the prime factors of 271292459.
271292459
What are the prime factors of 15550777?
11, 739, 1913
List the prime factors of 163090286.
2, 23, 79, 44879
List the prime factors of 487696625.
5, 13, 29, 79, 131
What are the prime factors of 51896103?
3, 7, 163, 15161
List the prime factors of 2672498252.
2, 431, 1550173
What are the prime factors of 68836792?
2, 23, 61, 6133
What are the prime factors of 912697152?
2, 3, 151, 31481
What are the prime factors of 2902104471?
3, 7, 138195451
List the prime factors of 113642364.
2, 3, 11, 860927
List the prime factors of 707156941.
707156941
List the prime factors of 653834739.
3, 17, 12820289
What are the prime factors of 15180253?
11, 23, 29, 2069
List the prime factors of 4329125339.
7, 11, 56222407
List the prime factors of 1273066812.
2, 3, 211, 167597
What are the prime factors of 979825687?
19, 51569773
What are the prime factors of 528825?
3, 5, 11, 641
List the prime factors of 234619066.
2, 11, 10664503
What are the prime factors of 148199387?
7, 17, 103, 107, 113
List the prime factors of 2809407684.
2, 3, 234117307
List the prime factors of 4187494.
2, 41, 223, 229
What are the prime factors of 179560629?
3, 19951181
What are the prime factors of 366063294?
2, 3, 61010549
What are the prime factors of 233839422?
2, 3, 19, 139, 4919
List the prime factors of 124443569.
41, 347, 8747
List the prime factors of 734430044.
2, 277, 662843
What are the prime factors of 682548262?
2, 11, 1549, 20029
List the prime factors of 7218052234.
2, 19, 23, 8258641
What are the prime factors of 15676230?
2, 3, 5, 522541
List the prime factors of 653669477.
257, 2543461
What are the prime factors of 263144890?
2, 5, 26314489
What are the prime factors of 420008260?
2, 5, 7, 67, 44777
List the prime factors of 79803416.
2, 7, 11, 353, 367
List the prime factors of 231640042.
2, 109, 241, 4409
What are the prime factors of 5121786420?
2, 3, 5, 37, 41, 18757
List the prime factors of 75849374.
2, 31, 733, 1669
List the prime factors of 100612881.
3, 3726403
What are the prime factors of 34106393?
34106393
What are the prime factors of 64561394?
2, 32280697
List the prime factors of 263788991.
263788991
What are the prime factors of 1164002472?
2, 3, 19, 850879
What are the prime factors of 306261395?
5, 11, 37, 150497
List the prime factors of 201153248.
2, 17, 21751
List the prime factors of 1057602833.
7, 19, 7951901
List the prime factors of 1307618692.
2, 61, 1889, 2837
What are the prime factors of 109608445?
5, 21921689
What are the prime factors of 66304284?
2, 3, 17, 325021
What are the prime factors of 370611425?
5, 37, 149, 2689
What are the prime factors of 337998566?
2, 191, 884813
What are the prime factors of 1110307298?
2, 17, 32656097
What are the prime factors of 780908921?
13, 60069917
List the prime factors of 701340477.
3, 233780159
What are the prime factors of 1639803639?
3, 977, 559469
List the prime factors of 698958875.
5, 5591671
List the prime factors of 2289895136.
2, 71559223
List the prime factors of 179618114.
2, 13, 47, 146987
What are the prime factors of 17263602?
2, 3, 17, 56417
What are the prime factors of 42004054?
2, 73, 173, 1663
List the prime factors of 523305798.
2, 3, 17, 23, 223063
What are the prime factors of 8156636630?
2, 5, 2003, 407221
What are the prime factors of 133766103?
3, 67, 665503
List the prime factors of 255965926.
2, 37, 3458999
What are the prime factors of 49574833?
7, 11, 29, 149
What are the prime factors of 81981821?
23, 179, 19913
List the prime factors of 10020968.
2, 727, 1723
List the prime factors of 76588604.
2, 17, 53, 79, 269
List the prime factors of 100359237.
3, 11, 3041189
List the prime factors of 10677238.
2, 11, 13, 37, 1009
What are the prime factors of 991398296?
2, 7, 17703541
What are the prime factors of 113393270?
2, 5, 223, 50849
What are the prime factors of 477518527?
191, 2500097
List the prime factors of 1260763801.
11, 73, 1570067
List the prime factors of 105108226.
2, 173, 303781
List the prime factors of 24515218.
2, 7, 13, 134699
What are the prime factors of 7118272?
2, 7, 15889
What are the prime factors of 5278432470?
2, 3, 5, 89, 1976941
List the prime factors of 72002944.
2, 13, 43271
List the prime factors of 93714751.
13, 7208827
List the prime factors of 102272085.
3, 5, 17, 44563
List the prime factors of 47707460.
2, 5, 313, 7621
List the prime factors of 2354871985.
5, 470974397
What are the prime factors of 873979459?
83, 10529873
List the prime factors of 4458443611.
337, 13229803
List the prime factors of 16429147.
